29. What is the hundreds digit of h?
2
Suppose 30*h = 5*h + 675. What is the tens digit of h?
2
Let n = -5 + 9. Suppose l + 1 = n*m - 3*m, -5*m = -3*l - 13. Suppose 13 = -m*c + 93. What is the units digit of c?
6
Let b = 42 - 37. Suppose b*v - 264 = -4*z, 0 = 5*v - 13 + 33. What is the tens digit of z?
7
Let a(s) = 262*s**2 - 15*s - 16. What is the tens digit of a(-1)?
6
Suppose 5*d = 8*p - 5*p - 15, 5*p = -3*d - 9. Suppose 5*j = -2*o + 22, p = -3*o + 2*j - 17 + 12. What is the units digit of o?
1
Suppose -890 = 3*a + 2*a. Let h = -125 - a. What is the tens digit of h?
5
Let l(z) = z**2 + 12*z + 22. Let v be l(-10). What is the tens digit of (v - -2 - -52) + -4?
5
Suppose 5*z = 2*g - 5*g + 1, -15 = -3*z + 3*g. Suppose 0 = z*x - 450 - 122. What is the hundreds digit of x?
2
Let b(i) = 2*i**2 + 18*i - 20. What is the units digit of b(-17)?
2
Suppose 4*u - 6 = -3*r + 7*u, -5*u = r - 2. Let b(f) = 4*f + 4. What is the units digit of b(r)?
2
Let j be -2*1/(1/(-3)). Let s be (6/(-12))/((-76)/(-80) + -1). Suppose j*q - s*q = -216. What is the units digit of q?
4
Suppose g - 7*g = -162. Suppose -13*n + g = -10*n. Let s(a) = a**2 - 3*a + 1. What is the tens digit of s(n)?
5
Let m = -160 - -162. Suppose m*t + 0*u - 607 = -5*u, 2*t + 3*u = 617. What is the tens digit of t?
1
Let s be 12/(-10)*20/4. Let x be (-2)/(s/39) + 1. Suppose -i + 2*i = x. What is the units digit of i?
4
Let s = -358 + 366. Suppose 0 = -g + w + 2, 3*g + 5*w - 6 + 0 = 0. Suppose -s + 40 = g*a. What is the tens digit of a?
1
Let x(l) = l**3 - 10*l**2 + 8*l + 9. Let a be x(9). Suppose -5*w + 1185 = -a*w. Suppose 0 = -3*k + i + 162 - 11, -2*i + w = 5*k. What is the units digit of k?
9
Suppose 2*h = 3*m - 82, 6*m - 26 = 5*m + 2*h. What is the tens digit of m?
2
Let s(t) = 63*t**2 - t - 75. What is the units digit of s(5)?
5
Let f(u) = -6*u**3 - 2*u**2 + 6*u - 2. What is the tens digit of f(-5)?
6
Suppose -2*j - 8 + 18 = 0. Suppose 238 = q - 0*r - 4*r, -5*q = -j*r - 1265. What is the hundreds digit of q?
2
Suppose -n - n - 5*n = 0. Let z be (6/18)/(2/18). Suppose -z*g + n*g = -237. What is the units digit of g?
9
Let k be 6 + -2 - 6*5. Let y = -65 - -15. Let z = k - y. What is the tens digit of z?
2
Suppose -4*i - 4848 = -10*i. What is the units digit of i?
8
Let w(a) = 767*a**2 - 3*a. What is the hundreds digit of w(1)?
7
Let a(h) = h**2 - 16*h + 20. Let c be a(19). Let y = c - 9. What is the tens digit of y?
6
What is the hundreds digit of 7609/2*(-68)/(-119)?
1
Let o(m) = m**3 - 6*m**2 + 4*m - 9. Let f be o(6). Let v be (-50)/f + 2/6. Let b = 20 + v. What is the units digit of b?
7
Suppose 0*s + 16 = s + 4*g, -3*s = 3*g - 3. Let x be s - (2 + 1)*-2. What is the units digit of (-4)/(-4) + (x - -2)?
5
Suppose 4*i - 7852 = 4*u, -4*u = 4*i - i - 5875. What is the hundreds digit of i?
9
Let g(c) = -2*c**3 + 31*c**2 - 11*c + 19. What is the units digit of g(14)?
3
Let j = -57 - -463. What is the tens digit of j?
0
Suppose 14*g - 13*g = 544. What is the units digit of g?
4
Let d(m) = -49*m**3 + 9*m**2 + 4*m - 34. What is the hundreds digit of d(-3)?
3
Let x = 4277 + -1159. What is the thousands digit of x?
3
Suppose -536 - 750 = -2*d. What is the tens digit of d?
4
Let z(n) = n**2 + n - 8. Let g be z(-4). What is the tens digit of 54/g - (-2)/4?
1
Let n(t) = 2*t - 11. Let c be n(8). Suppose c*w - 6*w - 4*b = -112, 3*b = -4*w + 383. Suppose -w = f - 5*f. What is the tens digit of f?
2
Suppose 0 = h - 2*h - 2. Let g be -2 + (21 - 2)*h. Let m = g - -57. What is the units digit of m?
7
Let k(f) = 5*f**3 - 2*f**2 - 15*f + 23. What is the units digit of k(6)?
1
Let b(p) = 42*p**2 + 11*p - 49. What is the units digit of b(7)?
6
Suppose -3 = 2*z - 5*z. Let v be z - (1 - 2 - 2). Suppose 0 = -2*l + l + 5*d + 11, -4*l - 4*d - v = 0. What is the units digit of l?
1
Suppose 4*a = 8*a. Let r be (a*(-4)/8)/3. Let s = r + 16. What is the units digit of s?
6
Let v(t) = -t + 12. Let h be v(-8). Suppose h = -o + 209. What is the units digit of o?
9
Let p be -2 - (1 - 4) - -49. Suppose 3*x = -p - 4. What is the units digit of 673/9 + (-4)/x?
5
Let i = 22 - 12. Suppose -f - f = -i. Suppose -f*j = 43 - 173. What is the tens digit of j?
2
What is the units digit of (2/1)/(58/203)?
7
Suppose 0 = 2*d + 2*t - 242, -10*t + 7*t = 5*d - 607. What is the hundreds digit of d?
1
Let h = 547 - 299. What is the hundreds digit of h?
2
Let o(a) = -a**2 + 21*a - 20. What is the tens digit of o(8)?
8
Let s(t) = -6 + 5*t**2 - t + 0*t**2 + 3*t**2 + t**3. Let d be s(-8). Let x = 0 + d. What is the units digit of x?
2
Suppose -3*k + 6 = -5*r, -2*r + k = 3 - 1. Suppose r = d - 4 + 2. What is the units digit of (1 + (-81)/(-6))*d?
9
Suppose -2*x = -3*o - 241, 3*x + 11*o - 359 = 16*o. What is the hundreds digit of x?
1
Suppose 4*q - 9*q + 15 = 0. Suppose b = -q*b + 128. What is the units digit of b?
2
Let r(p) = -p**3 - 6*p**2 - 5*p + 1. Let f be r(-5). What is the tens digit of 6/6 + (29/f - 1)?
2
Let o = -92 + 136. Suppose 5*k = 271 + o. What is the units digit of k?
3
Suppose 9 = -5*z + 5*q - 1, 5*q = 4*z + 12. Let u(g) = 66*g**2 + 2*g - 4. Let o be u(z). What is the tens digit of o/18*(-3)/(-2)?
2
Let r be (18 + (-8)/(-4))/2. Suppose -d - r = 4*d. What is the tens digit of d*(-76)/(-8)*-1?
1
Let x(i) = -3*i - 3. Suppose -5*p - 5*n + 65 = 0, -3*p + 5*n + 73 = 18. Let b be 3/p + 84/(-20). What is the units digit of x(b)?
9
Suppose 0 = -6*v + 6 + 6. Suppose -v*g = -5*g. What is the tens digit of (-1 - g - -20) + 0?
1
Suppose 13041 = 575*m - 566*m. What is the hundreds digit of m?
4
Let z(b) = -b + 12. Let g be z(12). Suppose 12*q - 10*q - 222 = g. What is the units digit of q?
1
Suppose -5*u + 6 + 14 = 0, -2*q + 1314 = 5*u. What is the units digit of q?
7
Suppose 0*a + 428 = 2*a. Let d = a - 115. Let m = d + -71. What is the units digit of m?
8
Let t(u) = -2*u**2 + 7*u**2 - 6*u - 3 + 2*u - 5. What is the tens digit of t(4)?
5
Let d(c) = -c**2 + 9*c + 12. Let z be d(-7). Let n = -30 - z. What is the tens digit of n?
7
Let l(w) = -w**2 + 22*w - 7. What is the units digit of l(15)?
8
Suppose -10 = 3*l - 25. Suppose l*t + 84 = 12*t. What is the tens digit of t?
1
What is the tens digit of (21/(-12))/(4/(-1360))?
9
Suppose 768 = -255*a + 258*a. What is the hundreds digit of a?
2
Let q(z) be the first derivative of 2*z**3 + z**2 + 5*z + 24. What is the tens digit of q(-3)?
5
Let j(p) = 21*p + 4. Suppose -8 = 3*t + 3*v - 2, 5*t = v + 14. What is the tens digit of j(t)?
4
Let o = 445 - 240. What is the hundreds digit of o?
2
Let s be (-126)/(-105)*5/3. Suppose -5*m - 3*g + 271 = 0, -s*m + 2*g = 3*g - 109. What is the tens digit of m?
5
Let z(w) = w**2 + 5*w + 1. Suppose 11 = g - 2*g. Let s be z(g). Let r = -23 + s. What is the tens digit of r?
4
Suppose 0 = w + 4 - 20. Let t = 15 + w. What is the units digit of t?
1
Suppose 237*p - 15036 = 230*p. What is the thousands digit of p?
2
What is the thousands digit of 197869/56 - 0 - (-6)/(-16)?
3
Suppose -3*c - 36 = -3*t, 5*t - 53 = 3*c - 3. Suppose -t*x + 36 = -3*x. Suppose -24*w - x = -27*w. What is the units digit of w?
3
Suppose 9*d - 31 = 14. Suppose 3*n - 1 = -16, d*l = 5*n + 1015. What is the tens digit of l?
9
Suppose 0 = 2*v - 4*a - 0 - 6, -3*a = 12. Let t = 36 + -15. Let f = t - v. What is the units digit of f?
6
Let o = 602 - -1477. What is the hundreds digit of o?
0
Let c be 3 - 1/3*9. Suppose c = 4*r - 31 - 25. What is the tens digit of r?
1
Suppose 0*s - 10*s + 220 = 0. What is the units digit of (-305)/(-3) + s/66?
2
Let p be 0 + 0 + 2 + 1. Suppose -5*a + 3 = p*n, a = -0*a + 5*n + 23. What is the units digit of 13 - ((-6)/1 + a)?
6
Suppose -9*l + 4*l = 745. Let n = l - -360. What is the hundreds digit of n?
2
Suppose 2*l - 9*l - 140 = 0. Let g = 25 + l. Suppose -k - g*r - 11 = 0, -4*k - 5*r + 0 = -1. What is the units digit of k?
4
Let w = 19 - 19. What is the tens digit of (1 - w)/(13/364)?
2
Let k(n) = n**2 + 7*n + 1. Let p be k(-8). Suppose p*o = 3*o + 18. What is the units digit of (2 - (-40)/o)*3?
6
Let z = -42 - -47. Suppose -n = 3*i - z*i + 50, -i + 34 = 4*n. What is the units digit of i?
6
Let y(i) = i + 29. Suppose 2*t - 3*j - 37 = 9, -4*j + 12 = t. What is the tens digit of y(t)?
4
Let r = 39 + -36. Suppose n - 1 = 0, -3*d - r*n = -0*n - 318. What is the hundreds digi